) = -v**3 + 18*v**2 + 244*v - 7. Give t(-9).
-16
Let t(h) = h**3 + 10*h**2 + 129*h + 1072. What is t(-9)?
-8
Let g(f) = -f**3 - 23*f**2 + 44*f - 156. What is g(-25)?
-6
Let k(f) = 40*f - 581. Determine k(15).
19
Let v(y) = 2*y**2 + 21*y - 12. Give v(-9).
-39
Let d(o) = -o**2 - 6*o + 346. Calculate d(16).
-6
Let z(y) = -3*y**3 - 12*y**2 + 50*y + 248. Calculate z(-5).
73
Let j(q) = 30*q - 240. Give j(8).
0
Let m(y) = y**3 - 10*y**2 + 21*y + 18. Calculate m(6).
0
Let i(d) = d**3 - 24*d**2 + 115*d + 50. Give i(7).
22
Let c(f) = -f**3 - 73*f**2 - 1326*f - 4. What is c(-39)?
-4
Let t(u) = -63*u - 308. What is t(-17)?
763
Let y(h) = h**2 - 3*h - 131. Calculate y(13).
-1
Let l(m) = 2*m**3 + 3*m**2 - 7*m - 16. What is l(-3)?
-22
Let o(k) = k**3 + 10*k**2 + 481*k + 4231. Calculate o(-9).
-17
Let x(b) = b**2 - 211*b + 6. Calculate x(0).
6
Let d(n) = 29*n - 727. Give d(26).
27
Let k(a) = -a**3 - 83*a**2 - 390*a - 1. Determine k(-5).
-1
Let k(d) = -10*d**2 - 29*d + 280. Calculate k(-7).
-7
Let w(b) = -b**2 - 711*b - 7009. Determine w(-10).
1
Let o(x) = -174*x**2 - 8*x - 8. Give o(-1).
-174
Let g(d) = 3*d**3 - 8*d**2 - 70*d - 12. Calculate g(-5).
-237
Let y(b) = b**3 + 17*b**2 + 76*b + 13. Calculate y(-7).
-29
Let b(f) = -6*f + 130. Calculate b(25).
-20
Let f(c) = -c + 85. What is f(21)?
64
Let c(q) = q**3 - 83*q**2 + 83*q - 79. Calculate c(82).
3
Let u(a) = 5*a**2 + 20*a - 170. Calculate u(4).
-10
Let p(q) = 2*q**3 + 24*q**2 + 54*q - 5. Determine p(-9).
-5
Let f(y) = -251*y + 38908. Give f(155).
3
Let p(c) = -2*c**2 + 96*c - 991. Give p(15).
-1
Let w(u) = -4*u**2 - 104*u - 8. Give w(-26).
-8
Let z(x) = -x**3 - 12*x**2 + 19*x - 193. Determine z(-14).
-67
Let g(b) = 6037*b**2 + 5. What is g(0)?
5
Let w(x) = -x**2 - 6*x + 416. Calculate w(-22).
64
Let p(c) = 7*c**2 - 1652*c + 1650. Calculate p(1).
5
Let h(j) = -2*j**2 - 31*j + 153. Determine h(4).
-3
Let f(g) = 37*g + 120. Determine f(0).
120
Let l(r) = -r**3 - 65*r**2 - 185*r + 40. What is l(-62)?
-22
Let w(g) = 411*g**2 + 4113*g + 27. Calculate w(-10).
-3
Let p(h) = 317*h - 943. Determine p(3).
8
Let u(i) = 22*i**2 - 86*i + 66. Give u(1).
2
Let q(p) = -3*p**3 + 31*p**2 - 31*p - 34. Determine q(10).
-244
Let w(j) = 219*j + 7649. Calculate w(-35).
-16
Let j(s) = -10*s**2 - 13*s - 4. What is j(-7)?
-403
Let a(h) = -h**2 + 115*h - 2523. Calculate a(28).
-87
Let g(s) = 6*s**2 + 17*s + 5. Calculate g(-3).
8
Let m(q) = -7*q**3 + 381*q**2 - 156*q - 328. Calculate m(54).
-4
Let a(m) = -m**3 - 7*m**2 + 18*m + 45. Determine a(-5).
-95
Let v(g) = -g**2 + 6*g + 9. Give v(-4).
-31
Let p(y) = -y**3 - 33*y**2 - 256*y + 44. Give p(-13).
-8
Let u(f) = -1595*f + 17534. What is u(11)?
-11
Let m(w) = w**2 + 20*w + 6. Give m(7).
195
Let i(f) = 4*f**3 - 36*f**2 + 25*f - 233. Give i(9).
-8
Let b(o) = 3*o**3 + 86*o**2 + 54*o - 26. Calculate b(-28).
30
Let x(v) = 1269*v - 41891. What is x(33)?
-14
Let u(y) = 6718*y - 87348. What is u(13)?
-14
Let v(z) = -47*z - 642. Give v(-6).
-360
Let k(p) = -p**2 - 26*p - 123. What is k(-10)?
37
Let f(o) = -o**3 + 18*o**2 - 6*o - 30. Determine f(18).
-138
Let c(z) = -2*z**3 - 5*z**2 + 2*z + 42. Calculate c(-3).
45
Let q(k) = -140*k + 2667. Calculate q(19).
7
Let c(h) = -h**3 + 5*h**2 + 92*h - 36. What is c(-8)?
60
Let t(x) = -x**2 + 66*x - 186. Give t(63).
3
Let d(i) = 26*i - 16. Calculate d(-6).
-172
Let a(d) = 15*d**2 - 461*d - 58. Calculate a(30).
-388
Let d(y) = 15*y**3 - 598*y**2 - 83*y + 94. What is d(40)?
-26
Let y(b) = -946*b + 4749. Give y(5).
19
Let q(m) = 224*m - 1580. Determine q(6).
-236
Let v(g) = -g**3 - 19*g**2 + 95*g - 638. Determine v(-24).
-38
Let q(s) = 7*s**2 - 69*s + 224. What is q(11)?
312
Let w(n) = -11*n**2 + 4*n + 19. What is w(4)?
-141
Let q(w) = w**3 - 13*w**2 + 37*w + 30. Determine q(6).
0
Let a(r) = r**2 + 129*r - 956. Determine a(7).
-4
Let z(f) = -11*f**3 + 29*f**2 - 75*f + 247. Determine z(3).
-14
Let n(p) = -14*p - 762. Determine n(-42).
-174
Let t(w) = -w**2 + 59*w - 205. Determine t(54).
65
Let v(i) = -9*i + 57. What is v(7)?
-6
Let b(q) = 687*q - 3223. Give b(5).
212
Let l(s) = -2*s**2 - 60*s - 177. What is l(-27)?
-15
Let i(c) = -27*c**2 - 3*c + 6. What is i(-6)?
-948
Let r(u) = u**2 - 13*u + 161. Calculate r(0).
161
Let p(t) = -t**3 + 22*t**2 - 24*t + 63. Calculate p(21).
0
Let o(k) = -27*k + 12. Calculate o(-37).
1011
Let a(n) = 134*n - 22. Determine a(0).
-22
Let f(z) = 2*z**3 + 18*z**2 - 13*z - 87. Determine f(-9).
30
Let n(a) = -a**3 + 91*a**2 - 423*a - 19. What is n(5)?
16
Let s(v) = -v**2 + 408*v - 35217. Give s(124).
-1
Let q(i) = -51*i**2 + 5*i + 3. Determine q(-1).
-53
Let d(w) = 20*w - 6. What is d(3)?
54
Let n(v) = -94*v - 6706. Give n(-71).
-32
Let l(q) = -q**2 + 210. What is l(13)?
41
Let g(t) = 5*t - 70. Calculate g(14).
0
Let l(r) = r**3 + 10*r**2 - 17*r - 288. Give l(-9).
-54
Let n(f) = -3*f**3 + 130*f**2 - 42*f - 235. What is n(43)?
-192
Let d(y) = 116*y - 8237. Calculate d(71).
-1
Let n(r) = 261*r + 3662. Calculate n(-14).
8
Let j(s) = -s**3 - 19*s**2 + 68*s + 1628. Determine j(-17).
-106
Let q(k) = 88*k + 124. Give q(-1).
36
Let u(b) = 18*b**2 - 147*b + 34. Give u(8).
10
Let m(i) = -2*i**2 - 256*i - 1457. Calculate m(-6).
7
Let o(k) = 1044*k - 55320. Calculate o(53).
12
Let g(m) = -2*m**2 - 368*m - 2468. Calculate g(-7).
10
Let c(k) = k**3 + 6*k**2 + 3*k - 20. Determine c(-4).
0
Let c(g) = 212*g + 5105. Give c(-24).
17
Let m(u) = -u**2 + 487*u - 3827. Determine m(8).
5
Let m(f) = -2*f**3 + 14*f**2 + 42*f - 81. Determine m(10).
-261
Let j(y) = 179*y - 7. Give j(0).
-7
Let j(c) = -64*c**3 - 4*c**2 + 21*c - 34. Determine j(2).
-520
Let h(o) = 190*o + 311. Calculate h(-2).
-69
Let w(u) = u**3 + 130*u**2 - 263*u + 110. Give w(-132).
-22
Let q(o) = -4*o**3 - 24*o**2 + 26*o + 171. Give q(-6).
15
Let z(h) = -h**3 - 26*h**2 + 21*h + 1090. Calculate z(-25).
-60
Let i(a) = -44*a - 39. Calculate i(0).
-39
Let s(x) = -28*x + 180. What is s(10)?
-100
Let b(z) = -590*z - 52572. What is b(-89)?
-62
Let z(m) = 6*m**2 - 339*m + 170. Give z(56).
2
Let r(t) = 2*t**3 + 32*t**2 + 29*t. Give r(-14).
378
Let u(b) = -b**2 - 490*b - 2913. Give u(-6).
-9
Let f(j) = 236*j**2 - 9*j + 4. Give f(1).
231
Let p(l) = -l - 92. Calculate p(-13).
-79
Let n(b) = 37*b**2 - 850*b - 23. What is n(23)?
0
Let s(l) = -138*l + 25. Give s(-1).
163
Let c(w) = 1292*w - 11565. What is c(9)?
63
Let n(a) = 4*a + 212. Give n(17).
280
Let g(u) = 2*u**3 - 24*u**2 - 85*u - 71. Determine g(15).
4
Let f(a) = -a**2 - 8*a - 19. Give f(-6).
-7
Let o(g) = 1455*g + 8743. Calculate o(-6).
13
Let g(c) = 10*c**2 - 15*c + 3. Calculate g(2).
13
Let b(l) = 5*l**2 - 63*l + 258. Determine b(4).
86
Let j(a) = 2*a**2 - 14*a - 90. Calculate j(-5).
30
Let f(q) = -692*q + 7. Determine f(0).
7
Let q(w) = -2*w**3 + 249*w**2 + 155*w - 3760. Determine q(125).
-10
Let a(m) = m**2 + 9*m - 81. Calculate a(-12).
-45
Let g(b) = -b**3 - 15*b**2 + 38*b + 71. Determine g(-17).
3
Let s(d) = -89*d + 86. What is s(3)?
-181
Let h(c) = -10*c**2 + 10*c + 13. Calculate h(4).
-107
Let u(w) = 18185*w + 36376. Calculate u(-2).
6
Let z(t) = t**3 - 2*t**2 + 8*t - 982. Give z(0).
-982
Let o(k) = 3*k**2 + k + 36. Calculate o(0).
36
Let u(s) = s**3 - 30*s**2 + 120*s + 4. Determine u(5).
-21
Let k(n) = 2*n**3 + 40*n**2 + 113*n - 14. What is k(-17)?
-201
Let h(p) = -2*p**3 + 13*p**2 + 99*p - 634. Give h(6).
-4
Let m(x) = x**2 + 5*x - 88. Give m(7).
-4
Let g(f) = 64*f**3 + 11*f**2 - 12*f. Determine g(1).
63
Let h(j) = -210*j - 3989. Calculate h(-19).
1
Let n(w) = 7*w**2 - 531*w - 574. What is n(77)?
42
Let w(a) = -a**3 - 15*a**2 - 36*a + 26. Calculate w(-11).
-62
Let c(s) = -s**3 + 25*s**2 + 26*s + 115. What is c(26)?
115
Let d(j) = 1201*j - 13212. Calculate d(11).
-1
Let k(y) = -y**3 + 40*y**2 - 11*y - 1090. Determine k(39).
2
Let x(m) = 7*m**2 + 63*m - 13. What is x(-10)?
57
Let u(q) = 159*q - 6141. Calculate u(39).
60
Let s(a) = -162*a + 1612. Determine s(10).
-8
Let w(x) = 2*x**2 + 15*x + 4. Calculate w(-8).
12
Let v(d) = d**3 - d**2 - 20*d - 137. Give v(6).
-77
Let a(u) = 2*u**2 + 34*u - 5160. Determine a(-60).
0
Let b(j) = -j**3 - 3*j**2 - 6*j - 31. Calculate b(-4).
9
Let g(z) = z**2 + 53*z - 109. What is g(2)?
1
Let o(f) = 61*f - 742. Give o(13).
51
Let v(n) = -9*n**2 - 2*n + 52. Determine v(0).
52
Let h(w) = w**2 - 104*w + 2601. 